{"id":8491,"date":"2025-09-03T20:58:01","date_gmt":"2025-09-03T17:58:01","guid":{"rendered":"https:\/\/www.lezzetkuruyemis.com\/?post_type=product&#038;p=8491"},"modified":"2026-01-02T14:37:13","modified_gmt":"2026-01-02T11:37:13","slug":"cifte-kavrulmus-lokum","status":"publish","type":"product","link":"https:\/\/www.lezzetkuruyemis.com\/index.php\/urun\/cifte-kavrulmus-lokum\/","title":{"rendered":"\u00c7ifte kavrulmu\u015f lokum"},"content":{"rendered":"<p data-start=\"174\" data-end=\"473\">Lezzet Kuruyemi\u015f\u2019in \u00f6zenle haz\u0131rlad\u0131\u011f\u0131 <strong data-start=\"213\" data-end=\"238\">\u00c7ifte Kavrulmu\u015f Lokum<\/strong>, damakta uzun s\u00fcre kalan aromas\u0131 ve yo\u011fun k\u0131vam\u0131yla tatl\u0131 severler i\u00e7in e\u015fsiz bir deneyim sunar. Klasik lokumun \u00f6tesine ge\u00e7en bu \u00f6zel lezzet, \u00e7ifte kavrulma tekni\u011fiyle daha dayan\u0131kl\u0131, daha lezzetli ve daha k\u0131t\u0131r bir yap\u0131ya sahiptir.<\/p>\n","protected":false},"excerpt":{"rendered":"<p>Lezzet Kuruyemi\u015f\u2019in \u00f6zenle haz\u0131rlad\u0131\u011f\u0131 \u00c7ifte Kavrulmu\u015f Lokum, damakta uzun s\u00fcre kalan aromas\u0131 ve yo\u011fun k\u0131vam\u0131yla tatl\u0131 severler i\u00e7in e\u015fsiz bir deneyim sunar. Klasik lokumun \u00f6tesine ge\u00e7en bu \u00f6zel lezzet, \u00e7ifte kavrulma tekni\u011fiyle daha dayan\u0131kl\u0131, daha lezzetli ve daha k\u0131t\u0131r bir yap\u0131ya sahiptir.<\/p>\n","protected":false},"featured_media":8492,"comment_status":"open","ping_status":"closed","template":"","meta":{"_joinchat":[]},"product_brand":[],"product_cat":[85],"product_tag":[],"class_list":{"0":"post-8491","1":"product","2":"type-product","3":"status-publish","4":"has-post-thumbnail","6":"product_cat-sekerlemeler","8":"first","9":"instock","10":"taxable","11":"shipping-taxable","12":"purchasable","13":"product-type-simple"},"jetpack_sharing_enabled":true,"_links":{"self":[{"href":"https:\/\/www.lezzetkuruyemis.com\/index.php\/wp-json\/wp\/v2\/product\/8491","targetHints":{"allow":["GET"]}}],"collection":[{"href":"https:\/\/www.lezzetkuruyemis.com\/index.php\/wp-json\/wp\/v2\/product"}],"about":[{"href":"https:\/\/www.lezzetkuruyemis.com\/index.php\/wp-json\/wp\/v2\/types\/product"}],"replies":[{"embeddable":true,"href":"https:\/\/www.lezzetkuruyemis.com\/index.php\/wp-json\/wp\/v2\/comments?post=8491"}],"wp:featuredmedia":[{"embeddable":true,"href":"https:\/\/www.lezzetkuruyemis.com\/index.php\/wp-json\/wp\/v2\/media\/8492"}],"wp:attachment":[{"href":"https:\/\/www.lezzetkuruyemis.com\/index.php\/wp-json\/wp\/v2\/media?parent=8491"}],"wp:term":[{"taxonomy":"product_brand","embeddable":true,"href":"https:\/\/www.lezzetkuruyemis.com\/index.php\/wp-json\/wp\/v2\/product_brand?post=8491"},{"taxonomy":"product_cat","embeddable":true,"href":"https:\/\/www.lezzetkuruyemis.com\/index.php\/wp-json\/wp\/v2\/product_cat?post=8491"},{"taxonomy":"product_tag","embeddable":true,"href":"https:\/\/www.lezzetkuruyemis.com\/index.php\/wp-json\/wp\/v2\/product_tag?post=8491"}],"curies":[{"name":"wp","href":"https:\/\/api.w.org\/{rel}","templated":true}]}}