{"id":20,"date":"2021-03-11T09:03:21","date_gmt":"2021-03-11T09:03:21","guid":{"rendered":"https:\/\/demo.casethemes.net\/organio\/?page_id=20"},"modified":"2025-08-08T18:59:46","modified_gmt":"2025-08-08T15:59:46","slug":"about","status":"publish","type":"page","link":"https:\/\/www.lezzetkuruyemis.com\/index.php\/about\/","title":{"rendered":"Hakk\u0131nda"},"content":{"rendered":"\t\t<div data-elementor-type=\"wp-page\" data-elementor-id=\"20\" class=\"elementor elementor-20\" data-elementor-post-type=\"page\">\n\t\t\t\t        <section class=\"elementor-section elementor-top-section elementor-element elementor-element-3844968 elementor-section-boxed elementor-section-height-default elementor-section-height-default\" data-id=\"3844968\" data-element_type=\"section\">\n            \n                        <div class=\"elementor-container elementor-column-gap-extended \">\n                    <div class=\"elementor-column elementor-col-50 elementor-top-column elementor-element elementor-element-44c71b2\" data-id=\"44c71b2\" data-element_type=\"column\">\n        <div class=\"elementor-widget-wrap elementor-element-populated\">\n                    \n                <section class=\"elementor-section elementor-inner-section elementor-element elementor-element-6a6a11a elementor-section-boxed elementor-section-height-default elementor-section-height-default\" data-id=\"6a6a11a\" data-element_type=\"section\" data-settings=\"{&quot;background_background&quot;:&quot;classic&quot;}\">\n            \n                        <div class=\"elementor-container elementor-column-gap-extended \">\n                    <div class=\"elementor-column elementor-col-50 elementor-inner-column elementor-element elementor-element-57e460e\" data-id=\"57e460e\" data-element_type=\"column\">\n        <div class=\"elementor-widget-wrap elementor-element-populated\">\n                    \n        \t\t<div class=\"elementor-element elementor-element-bcb7c7f elementor-widget elementor-widget-ct_fancy_box\" data-id=\"bcb7c7f\" data-element_type=\"widget\" data-widget_type=\"ct_fancy_box.default\">\n\t\t\t\t<div class=\"elementor-widget-container\">\n\t\t\t\t\t<div class=\"ct-fancy-box ct-fancy-box-layout2 \" data-wow-delay=\"ms\">\r\n    <div class=\"item--inner bg-image\">\r\n                    <div class=\"item--icon icon-psb\">\r\n                <i aria-hidden=\"true\" class=\"flaticon flaticon-return\"><\/i>            <\/div>\r\n                        <h5 class=\"item--title\">\r\n            \u0130ade politikasi        <\/h5>\r\n        <div class=\"item--description\">Memnuniyetiniz i\u00e7in \u00e7al\u0131\u015f\u0131yoruz.<\/div>\r\n    <\/div>\r\n<\/div>\t\t\t\t<\/div>\n\t\t\t\t<\/div>\n\t\t\t\t<div class=\"elementor-element elementor-element-f6fcabc elementor-widget elementor-widget-ct_fancy_box\" data-id=\"f6fcabc\" data-element_type=\"widget\" data-widget_type=\"ct_fancy_box.default\">\n\t\t\t\t<div class=\"elementor-widget-container\">\n\t\t\t\t\t<div class=\"ct-fancy-box ct-fancy-box-layout2 \" data-wow-delay=\"ms\">\r\n    <div class=\"item--inner bg-image\">\r\n                    <div class=\"item--icon icon-psb\">\r\n                <i aria-hidden=\"true\" class=\"flaticon flaticon-headphones\"><\/i>            <\/div>\r\n                        <h5 class=\"item--title\">\r\n            Destek        <\/h5>\r\n        <div class=\"item--description\">Sorun ya\u015fad\u0131\u011f\u0131n\u0131z durumlarda ileti\u015fim halindeyiz.<\/div>\r\n    <\/div>\r\n<\/div>\t\t\t\t<\/div>\n\t\t\t\t<\/div>\n\t\t            <\/div>\n        <\/div>\n                <div class=\"elementor-column elementor-col-50 elementor-inner-column elementor-element elementor-element-97d4881\" data-id=\"97d4881\" data-element_type=\"column\">\n        <div class=\"elementor-widget-wrap elementor-element-populated\">\n                    \n        \t\t<div class=\"elementor-element elementor-element-44f3366 elementor-widget elementor-widget-ct_fancy_box\" data-id=\"44f3366\" data-element_type=\"widget\" data-widget_type=\"ct_fancy_box.default\">\n\t\t\t\t<div class=\"elementor-widget-container\">\n\t\t\t\t\t<div class=\"ct-fancy-box ct-fancy-box-layout2 \" data-wow-delay=\"ms\">\r\n    <div class=\"item--inner bg-image\">\r\n                    <div class=\"item--icon icon-psb\">\r\n                <i aria-hidden=\"true\" class=\"flaticon flaticon-leaf\"><\/i>            <\/div>\r\n                        <h5 class=\"item--title\">\r\n            Organik \u00fcr\u00fcnlerimiz        <\/h5>\r\n        <div class=\"item--description\">Sizler i\u00e7in taze ve organik \u00fcr\u00fcnler sunuyoruz<\/div>\r\n    <\/div>\r\n<\/div>\t\t\t\t<\/div>\n\t\t\t\t<\/div>\n\t\t\t\t<div class=\"elementor-element elementor-element-136960b elementor-widget elementor-widget-ct_fancy_box\" data-id=\"136960b\" data-element_type=\"widget\" data-widget_type=\"ct_fancy_box.default\">\n\t\t\t\t<div class=\"elementor-widget-container\">\n\t\t\t\t\t<div class=\"ct-fancy-box ct-fancy-box-layout2 \" data-wow-delay=\"ms\">\r\n    <div class=\"item--inner bg-image\">\r\n                    <div class=\"item--icon icon-psb\">\r\n                <i aria-hidden=\"true\" class=\"flaticon flaticon-credit-card\"><\/i>            <\/div>\r\n                        <h5 class=\"item--title\">\r\n            G\u00fcvenli \u00f6deme        <\/h5>\r\n        <div class=\"item--description\">Sizlerin g\u00fcvenli\u011fi bizim i\u00e7in \u00f6nemlidir.<\/div>\r\n    <\/div>\r\n<\/div>\t\t\t\t<\/div>\n\t\t\t\t<\/div>\n\t\t            <\/div>\n        <\/div>\n                    <\/div>\n        <\/section>\n                    <\/div>\n        <\/div>\n                <div class=\"elementor-column elementor-col-50 elementor-top-column elementor-element elementor-element-40661bf\" data-id=\"40661bf\" data-element_type=\"column\">\n        <div class=\"elementor-widget-wrap elementor-element-populated\">\n                    \n        \t\t<div class=\"elementor-element elementor-element-16eda0e elementor-widget elementor-widget-ct_heading\" data-id=\"16eda0e\" data-element_type=\"widget\" data-widget_type=\"ct_heading.default\">\n\t\t\t\t<div class=\"elementor-widget-container\">\n\t\t\t\t\t<div class=\"ct-heading h-align- item-st-default\">\r\n    <div class=\"ct-heading--inner\">\r\n    \t    \t\t<div class=\"item--sub-title style-default\">\r\n                <span>\r\n                    <span>~<\/span>                    Neden bizi se\u00e7melisiniz?                    <span>~<\/span>                <\/span>\r\n            <\/div>\r\n    \t        <h3 class=\"item--title case-animate-time st-default \" data-wow-delay=\"ms\">\r\n            <span class=\"slide-in-container\"><span class=\"d-inline-block wow case-fade-in-up\">Lezzet<\/span><\/span> <span class=\"slide-in-container\"><span class=\"d-inline-block wow case-fade-in-up\">Kuruyemi\u015f,<\/span><\/span> <span class=\"slide-in-container\"><span class=\"d-inline-block wow case-fade-in-up\">taze,<\/span><\/span> <span class=\"slide-in-container\"><span class=\"d-inline-block wow case-fade-in-up\">do\u011fal<\/span><\/span> <span class=\"slide-in-container\"><span class=\"d-inline-block wow case-fade-in-up\">ve<\/span><\/span> <span class=\"slide-in-container\"><span class=\"d-inline-block wow case-fade-in-up\">kaliteli<\/span><\/span> <span class=\"slide-in-container\"><span class=\"d-inline-block wow case-fade-in-up\">\u00fcr\u00fcnleri<\/span><\/span> <span class=\"slide-in-container\"><span class=\"d-inline-block wow case-fade-in-up\">g\u00fcvenle<\/span><\/span> <span class=\"slide-in-container\"><span class=\"d-inline-block wow case-fade-in-up\">sofralar\u0131n\u0131za<\/span><\/span> <span class=\"slide-in-container\"><span class=\"d-inline-block wow case-fade-in-up\">ta\u015f\u0131r.<\/span><\/span>        <\/h3>\r\n    <\/div>\r\n<\/div>\r\n\r\n\t\t\t\t<\/div>\n\t\t\t\t<\/div>\n\t\t\t\t<div class=\"elementor-element elementor-element-6607777 elementor-widget elementor-widget-ct_text_editor\" data-id=\"6607777\" data-element_type=\"widget\" data-widget_type=\"ct_text_editor.default\">\n\t\t\t\t<div class=\"elementor-widget-container\">\n\t\t\t\t\t<div id=\"ct_text_editor-6607777\" class=\"ct-text-editor \" data-wow-delay=\"ms\">\n\t<div class=\"ct-item--inner\">\n\t\t<div class=\"ct-inline-css\"  data-css=\"\n\t        \t\t\t\">\n\n\t    <\/div>\n\t\t<div class=\"ct-text-editor elementor-clearfix\">\n\t\t\t<p>Lezzet Kuruyemi\u015f, en kaliteli ve do\u011fal \u00fcr\u00fcnleri \u00f6zenle se\u00e7ip tazeli\u011fini koruyarak sizlere sunar. M\u00fc\u015fteri memnuniyetini her zaman \u00f6n planda tutar, hijyen ve g\u00fcvenilirlik konusunda titizlikle \u00e7al\u0131\u015f\u0131r\u0131z. Do\u011fadan sofran\u0131za uzanan bu lezzet yolculu\u011funda, sa\u011fl\u0131kl\u0131 ve lezzetli at\u0131\u015ft\u0131rmal\u0131klar\u0131n adresi olmaktan gurur duyuyoruz.<\/p>\t\t\n\t\t<\/div>\n\t<\/div>\n<\/div>\t\t\t\t<\/div>\n\t\t\t\t<\/div>\n\t\t            <\/div>\n        <\/div>\n                    <\/div>\n        <\/section>\n        \t\t<\/div>\n\t\t","protected":false},"excerpt":{"rendered":"<p>\u0130ade politikasi Memnuniyetiniz i\u00e7in \u00e7al\u0131\u015f\u0131yoruz. Destek Sorun ya\u015fad\u0131\u011f\u0131n\u0131z durumlarda ileti\u015fim halindeyiz. Organik \u00fcr\u00fcnlerimiz Sizler i\u00e7in taze ve organik \u00fcr\u00fcnler sunuyoruz G\u00fcvenli \u00f6deme Sizlerin g\u00fcvenli\u011fi bizim i\u00e7in \u00f6nemlidir. ~ Neden bizi se\u00e7melisiniz? ~ Lezzet Kuruyemi\u015f, taze, do\u011fal ve kaliteli \u00fcr\u00fcnleri g\u00fcvenle sofralar\u0131n\u0131za ta\u015f\u0131r. Lezzet Kuruyemi\u015f, en kaliteli ve do\u011fal \u00fcr\u00fcnleri \u00f6zenle se\u00e7ip tazeli\u011fini koruyarak sizlere sunar. [&hellip;]<\/p>\n","protected":false},"author":1,"featured_media":0,"parent":0,"menu_order":0,"comment_status":"closed","ping_status":"closed","template":"","meta":{"_joinchat":[],"footnotes":""},"class_list":["post-20","page","type-page","status-publish","hentry"],"jetpack_sharing_enabled":true,"_links":{"self":[{"href":"https:\/\/www.lezzetkuruyemis.com\/index.php\/wp-json\/wp\/v2\/pages\/20","targetHints":{"allow":["GET"]}}],"collection":[{"href":"https:\/\/www.lezzetkuruyemis.com\/index.php\/wp-json\/wp\/v2\/pages"}],"about":[{"href":"https:\/\/www.lezzetkuruyemis.com\/index.php\/wp-json\/wp\/v2\/types\/page"}],"author":[{"embeddable":true,"href":"https:\/\/www.lezzetkuruyemis.com\/index.php\/wp-json\/wp\/v2\/users\/1"}],"replies":[{"embeddable":true,"href":"https:\/\/www.lezzetkuruyemis.com\/index.php\/wp-json\/wp\/v2\/comments?post=20"}],"version-history":[{"count":4,"href":"https:\/\/www.lezzetkuruyemis.com\/index.php\/wp-json\/wp\/v2\/pages\/20\/revisions"}],"predecessor-version":[{"id":8220,"href":"https:\/\/www.lezzetkuruyemis.com\/index.php\/wp-json\/wp\/v2\/pages\/20\/revisions\/8220"}],"wp:attachment":[{"href":"https:\/\/www.lezzetkuruyemis.com\/index.php\/wp-json\/wp\/v2\/media?parent=20"}],"curies":[{"name":"wp","href":"https:\/\/api.w.org\/{rel}","templated":true}]}}